0. Let n(m) = -2*m + 10. Calculate the remainder when n(-10) is divided by p.
6
Let o(b) = 11*b**2 - 30*b + 12. Let w = 455 - 446. What is the remainder when o(w) is divided by 106?
103
Suppose -2*m - 3*y + 12730 = 0, 5*y + 2877 = m - 3449. What is the remainder when m is divided by 15?
11
Let v(z) = -z**2 + 11*z - 12. Let c be v(11). Let y(p) = 17*p**2 - 2*p + 2. What is the remainder when y(2) is divided by 114/5 + c/(-60)?
20
Let q(z) = -7*z - 10. Let o(t) = 8*t + 11. Let l(g) = -6*o(g) - 7*q(g). Let p be 8/40 - (-28)/10 - -15. What is the remainder when l(p) is divided by 8?
6
Let q be (2/6)/((-8)/(-24)). Suppose 0*w + w = 13. What is the remainder when (67/q - -4) + -1 + 5 is divided by w?
10
Suppose 330 - 300 = 6*j. Suppose 72 = -b + 2*b + j*i, -398 = -4*b + 2*i. Calculate the remainder when b is divided by 18.
7
Let m = -13902 + 14543. What is the remainder when m is divided by 34?
29
Let u(m) = 22*m**2 - 15*m - 16. Let s(y) = y**3 + 3*y**2 - 3*y - 10. Let x be s(-3). Calculate the remainder when 291 is divided by u(x).
18
Let p = 36 + -30. Let l be p - ((-3)/(-9) - 30/9). Suppose 3*k = l*k - 138. Calculate the remainder when 43 is divided by k.
20
Suppose -5*g = 4*k - 31, -g + 3 = 2*k - 2. Let p(q) = q**2 - 5*q + 41. What is the remainder when p(g) is divided by 21?
13
Let r(i) = -47*i - 4411. Let v(u) = u**3 + 13*u**2 + 6*u - 18. What is the remainder when v(-11) is divided by r(-95)?
50
Let n be ((-1388)/12)/(3/(-9)) + 2. Let o = n + -337. Calculate the remainder when 442 is divided by o.
10
Suppose 4*b = 5*r + 33, 2*b = -2*b - 12. What is the remainder when ((-10)/(-45) + (-556)/r)/2 is divided by ((-24)/3)/(0 + -1)?
7
Let o(z) = -66*z - 111. What is the remainder when o(-17) is divided by 68?
59
Let p = -934 + 956. What is the remainder when 82 - (3 - (-1 + 5)) is divided by p?
17
Suppose -t - 276 = 2*p - 397, 0 = -3*p + 2*t + 164. Calculate the remainder when p is divided by 15.
13
Let o = -16296 + 16971. Calculate the remainder when 2028 is divided by o.
3
Let l(f) = 3*f**2 + 27*f + 32. Let h = -163 + 193. What is the remainder when l(-10) is divided by h?
2
Let d(s) = 158*s + 295. What is the remainder when d(19) is divided by 17?
16
Let o be 22 + 5/(20/(-4)). Suppose 8*x - 163 = o. Calculate the remainder when 133 is divided by x.
18
Suppose -22441 = -15*f - 7606. What is the remainder when f is divided by 99?
98
Suppose -7 = g, 9*g = -5*q + 13*g + 123. Suppose b + 0*b = 32. Calculate the remainder when b is divided by q.
13
Suppose -1675 - 2462 + 837 = -11*m. What is the remainder when 306 is divided by m?
6
Let i(x) = -x**3 + 11*x**2 + 16*x - 20. Let s be i(11). Let c = s + -16. Calculate the remainder when c is divided by 16.
12
What is the remainder when -2*(-2 - 41/2) is divided by 32 + (-5 - -2) + -16?
6
Let k(h) = -h**3 - 50*h**2 + 147*h - 201. What is the remainder when k(-53) is divided by 205?
25
Suppose 15 = -15*q, -3*s - 5*q + 3*q + 22 = 0. Suppose 0*i = -i. Suppose -g = -i*g - 36. What is the remainder when g is divided by s?
4
Let l(o) = -208*o - 6276. What is the remainder when l(-31) is divided by 89?
83
Suppose 3*g = -2*n + 98, 5*n - 4*g + 69 = 360. Suppose n*u - 54*u - 292 = 0. What is the remainder when u/14 + (4 - 135/35) is divided by 6?
3
Let l = 10265 + -10243. Calculate the remainder when 6533 is divided by l.
21
Let r be 9/(1 + (-42)/24). What is the remainder when 127 is divided by r/9*-2*6?
15
Suppose -80718 = 338*h - 354836. What is the remainder when h is divided by 137?
126
Suppose 5*i - 54*i + 4067 = 0. Suppose -4*u - 5*v + 50 = 0, -5*u + 9*v = 5*v - i. Calculate the remainder when 432 is divided by u.
12
Let o = 19502 - 18842. What is the remainder when o is divided by 109?
6
Let x(d) = -d**2 - 45*d + 8073. Let i = 628 + -448. Calculate the remainder when i is divided by x(-115).
19
Let q(t) = -140*t**2 + 1129*t - 3. Suppose 2*p - 2*b - 16 = 0, 0 = -5*p - 0*b - 2*b + 40. Calculate the remainder when q(8) is divided by p.
5
Suppose 5 = u, -2*u + u - 265 = -5*h. Let t = -1935 + 1915. Calculate the remainder when h is divided by (190/t)/(-19)*28.
12
Suppose -q - 222 + 226 = 0. Let f = 2 - -9. Calculate the remainder when f is divided by q.
3
Suppose 0 = -30*c + 3195 + 2625. Calculate the remainder when 500 is divided by c.
112
Let z be (12*-5)/(1 - (-87)/(-78)). Suppose -z + 248 = -8*g. Suppose -5*a - 18 = -53. What is the remainder when g is divided by a?
6
Let i(h) = -10*h**3 - 4*h**2 + 15*h - 10. Calculate the remainder when i(-5) is divided by 229.
149
Calculate the remainder when 512 is divided by (4950/(-36))/(-55)*(3 - 1).
2
Suppose -3*f + 4*s + 54 = 0, -5*f + 4*s + 24 = -50. Calculate the remainder when 76 is divided by f.
6
Let q = -47 + 54. Let j(t) = 21 + 7 - q*t - t**2 - t - 2*t. What is the remainder when 15 is divided by j(-12)?
3
Suppose 1243*b - 1223*b - 4680 = 0. Calculate the remainder when b is divided by 31.
17
Suppose -3*z - 9 - 6 = 0. Let r = -19124 + 19127. Calculate the remainder when (-18)/z - (-6)/15 is divided by r.
1
Let d(n) = 59*n**2 + 47*n - 4. Calculate the remainder when d(3) is divided by 343.
325
Let b = -15618 - -15646. Calculate the remainder when 3074 is divided by b.
22
What is the remainder when 296 is divided by (-129369)/(-957) + 2/(-11)?
26
Let p be (-3)/5 - (-111)/(-15). Let f(y) = -y**3 - 8*y**2 - 2*y - 1. Let l be f(p). Let k = -14 + l. What is the remainder when 7 is divided by k?
0
Suppose 0 = 5*n - 18 + 8. Let l(g) = -10*g + g + g**2 + g - 8 - n*g**2. What is the remainder when 40 is divided by l(-5)?
5
Suppose 23*u = 15*u + 2760. Calculate the remainder when u is divided by 45.
30
Suppose 315 = 16*n - n. Suppose 0 = -24*t + 22*t + 146. What is the remainder when t is divided by n?
10
Let c = 0 + -4. Let x(f) = f**3 + 4*f**2 - 2*f - 6. Let n be x(c). What is the remainder when 45 is divided by (4/6)/(n/(-408)*-8)?
11
Let z(k) = -k**2 - 11*k + 36. Let o be z(-14). Calculate the remainder when 81 is divided by 1482/39 - o/2.
40
What is the remainder when 372 is divided by (84/(-15))/((-26)/260)?
36
What is the remainder when (-716 + 717)*2*(-894)/(-4) is divided by 142?
21
Let m = -7368 - -7410. What is the remainder when 135 is divided by m?
9
Let k = 123 + -119. Calculate the remainder when k/(-30)*-633 - 2/5 is divided by 24.
12
Suppose -2*w - 3*w = -4*r + 120, -3*w = 2*r - 38. Let n = r + -5. Calculate the remainder when 160 is divided by n.
0
Suppose -3*s = 2*w - 37, 4*s - 7*s - 3*w + 42 = 0. Suppose -5*u = -4*u - 29. What is the remainder when u is divided by s?
2
Calculate the remainder when 153 is divided by 4 - ((-6396)/234)/((-4)/(-6)).
18
Let i(t) = 182*t - 2436. What is the remainder when 292 is divided by i(14)?
68
Suppose -2*h + b = -580, -2*h + 300 = b - 280. What is the remainder when h is divided by 38?
24
Let n = 369 - 363. Suppose 0 = -3*d - i + 95, 158 = 5*d + 8*i - n*i. Calculate the remainder when 253 is divided by d.
29
Let q(w) = 35*w - 4041. Calculate the remainder when 959 is divided by q(116).
9
Let u = -184 + 323. Let p = 231 - u. Calculate the remainder when p is divided by 3.
2
Let z = -3060 + 3381. What is the remainder when z is divided by 97?
30
What is the remainder when 2519 is divided by (-48)/(14 + -30)*(64/6)/4?
7
Calculate the remainder when (203/(-15) + 36/(-45))*-15 is divided by 100.
15
Suppose -88 = -5*h - 8*p, -5*h = -4*p - 73 - 63. Suppose -640 = -0*f - 5*f - 5*o, 5*o = 0. Calculate the remainder when f is divided by h.
8
Suppose -v + 108 - 89 = 0. Let i(b) = 5*b**2 - b + 1. Let h be i(6). Suppose 2*d + 3*d - h = 0. What is the remainder when d is divided by v?
16
Let b(d) = 4*d + 16. Let k be b(-9). Let h be (-52)/k + (-4)/(-10). What is the remainder when (2 - h)*1 + 32 is divided by 8?
7
Suppose -4*j = -2*d + 664, 3*d = 7*d + j - 1328. Calculate the remainder when d is divided by 42.
38
Let g(f) = -f**3 + 15*f**2 - 18*f + 5. What is the remainder when g(13) is divided by 42?
25
Suppose -15*t = -225 - 30. What is the remainder when 1157/(-356)*(2 - 110) is divided by t?
11
Let v = -19985 + 20005. What is the remainder when 23 is divided by v?
3
Let j(m) be the first derivative of 2*m**3/3 + 9*m**2/2 + 7*m - 1. Let o be j(-3). Calculate the remainder when 82 is divided by o/7 + (-2178)/(-77).
26
Let j b